o + 12, o - 4 = n. Suppose -6135*c + 6137*c = 8. Suppose 3*h - 6 = 0, -o*h - 363 - 225 = -c*v. What are the prime factors of v?
149
Let r = 1036 - 1154. Let q be -78 - -2 - 0/(-3). Let x = q - r. What are the prime factors of x?
2, 3, 7
Let k(w) = w**3 - 16*w**2 - 34*w - 8. Let q be k(18). Suppose -q*b = -29*b + 259. What are the prime factors of b?
7, 37
Suppose 331*b = 16*b + 1089556 + 276599. What are the prime factors of b?
4337
Let a be (-3 - (-52)/16) + (-12390)/(-8). Suppose 4711 - a = 17*o. Suppose -t = 5*s + 47 - o, -t + 189 = -5*s. What are the prime factors of t?
2, 41
Let i(u) = 7788*u**3 - u**2 - 10*u + 10. What are the prime factors of i(1)?
13, 599
List the prime factors of 10*8/160*(0 - -43198).
21599
Let h be 226*12/(-10)*(-45)/(-12). Let s = 1461 + h. List the prime factors of s.
2, 3, 37
Suppose 4*v + 184 = 4*f, f - 25 = -4*f. Let i = 40 + v. What are the prime factors of (106/(-4))/(i*3/6)?
53
Let r = -52625 + 89381. What are the prime factors of r?
2, 3, 1021
Suppose -1165 = -25*z + 23*z + k, -3*z = 3*k - 1734. What are the prime factors of z?
7, 83
Suppose 3889*o - 3914*o = -192300. What are the prime factors of o?
2, 3, 641
Suppose 3151 = -5*l + 3161. Let y = 2 - -32. Let u = l + y. What are the prime factors of u?
2, 3
Let j(g) = -g**2 + 17*g + 301. What are the prime factors of j(21)?
7, 31
Suppose -13*i = -79 - 77. Let f(p) = -p**3 + 17*p**2 + 8*p - 85. What are the prime factors of f(i)?
17, 43
Suppose -9*p + 13*p - 11 = o, 3*p = o + 7. Suppose -3*t + d = -2018, -6*t + t + 3350 = -o*d. List the prime factors of t.
2, 337
Let s = -11019 + 25469. List the prime factors of s.
2, 5, 17
Let w = 2636 - -6808. What are the prime factors of w?
2, 3, 787
Suppose -40 = z - 3*z. Let a be z/70 - 646/7. Let i = a - -101. What are the prime factors of i?
3
Let y(l) = 142*l**2 + 39*l + 378. What are the prime factors of y(-12)?
2, 3, 13, 29
Suppose f = o - 11, 4*f - 36 = -2*o - f. Suppose 10*r - 336 = o*r. Let k = 179 + r. List the prime factors of k.
67
Suppose -5*x - 5*t = -165425, 0 = 68*t - 66*t - 18. What are the prime factors of x?
2, 8269
Suppose -4*c = -w - 4, -6*w = -2*w + 4*c - 4. Suppose -a = -w*a - 1, 5*f = -3*a + 13. What are the prime factors of (-4)/2 + f*(-777)/(-14)?
109
Let u be (-5 + 30/9)/(2/(-6)). Suppose u*y = 2*y + 138. Suppose -4*p = v - y, -v - 5*p = -2*v + 10. What are the prime factors of v?
2, 3, 5
Suppose -2*g = 5*q + g - 4684, 2*q - 1873 = -g. Suppose 5*a - q = -5*n, -4*a = -2*n - 0*a + 344. Let z = n + -72. What are the prime factors of z?
2, 5, 11
Suppose 27 = 5*g - 3*v, -2*g + 3*v + v + 8 = 0. Suppose -7*k + 0*k + 56 = 0. What are the prime factors of k/g + -1 + (-1128)/(-72)?
2
Suppose -2*c + 4*o + 37528 = 0, c = o + 1189 + 17567. List the prime factors of c.
2, 43, 109
Suppose -515*j + 6656609 = -6905916. What are the prime factors of j?
5, 23, 229
Let z(q) = q**3 + 14*q**2 - 15*q + 4. Let a be z(-15). Suppose -s - 4*k = -267, -7*s + 554 = -5*s + a*k. What are the prime factors of s?
7, 41
Let p = -7533 + 18369. What are the prime factors of p?
2, 3, 7, 43
Let z be ((-1407)/(-6))/((5/(-6))/(-5)). Suppose z + 1215 = 6*p. What are the prime factors of p?
19, 23
Suppose a = 2*a - 2*l + 16, 0 = -4*a + l - 36. Let v(o) = o + 7. Let i be v(a). List the prime factors of (-2750)/(-15) + i/3.
3, 61
Let u(h) = 10*h**2 + 10*h - 15. Let t(f) = -f**2 - f + 1. Let v(y) = 4*t(y) + u(y). What are the prime factors of v(-4)?
61
Let w(m) = 23*m - 46. Let b be w(2). Suppose b = 15*g - 1980 - 2370. List the prime factors of g.
2, 5, 29
Let b = -56600 + 81138. List the prime factors of b.
2, 12269
Let j be (-2)/(2907/1455 - 2). Suppose -625 = 13*d - 15*d + 5*x, -j = -3*d + x. What are the prime factors of d?
5, 13
Suppose -5*s + 3*q + 19803 = 0, 10*s = 7*s - 5*q + 11909. What are the prime factors of s?
3, 1321
Let l(c) = -c**3 + 8*c**2 + 11*c - 8. Suppose -2*q + 5*q = 27. Let a be l(q). Let t = 12 - a. List the prime factors of t.
2
Suppose -4*s = -s. Suppose s = 3*c + 9*c - 72. List the prime factors of (94/c)/(-2 + (-93)/(-45)).
5, 47
Suppose -z + 41*t = 43*t - 26779, -4*z + t + 107116 = 0. What are the prime factors of z?
61, 439
Let h(x) = -59*x**3 - 255*x**2 + x + 13. What are the prime factors of h(-6)?
3571
Suppose -4*m = -5*o + 27979, 2*o + 338*m - 11182 = 342*m. What are the prime factors of o?
11, 509
Suppose 115 = -4*o + 3*o. Let n = o - -97. List the prime factors of 2/9 - (15460/n)/5.
2, 43
List the prime factors of ((-90492)/18 - 6)/(11/(-33)).
2, 5, 151
Suppose -7*a + 714 = -4*a. Suppose 0 = 2*c - 0*c + 10, -l = -3*c - a. Suppose 5*z + l = 3*r + 3*z, 3*r - 221 = z. List the prime factors of r.
73
List the prime factors of (-1364)/((5/90)/((32/12)/(-8))).
2, 3, 11, 31
Let f = 9288 - 9203. What are the prime factors of f?
5, 17
Let a = -3578 - -5632. What are the prime factors of a?
2, 13, 79
Let g(t) = 9*t**2 - 10*t - 17. Let a be g(-7). Suppose 4*c + a = q, -5*q + 174 = -3*c - 2296. What are the prime factors of q?
2, 13, 19
Let t(r) = 44*r**2 - 2*r. Let x be t(1). Let i = x - 48. Let c(s) = -13*s - 4. What are the prime factors of c(i)?
2, 37
Suppose -11*m - 52 + 305 = 0. Suppose -4*r - 6*v + 3*v = -m, -4*r = v - 13. Suppose -2*i - 163 = -2*b + 187, -3*b = -r*i - 530. What are the prime factors of b?
2, 3, 5
Suppose -45747 = -11*g - 2*g. Suppose g = 26*q - 17*q. List the prime factors of q.
17, 23
List the prime factors of (-12)/(-56) + 1882237/686.
2, 7
Let i = -6749 - -9789. List the prime factors of i.
2, 5, 19
Let q(t) = -15*t**3 + 2*t**2 + 11*t - 1 + 5 - 13*t + 5*t. Let k be q(-4). What are the prime factors of (-1)/((-4)/(k/2))?
3, 41
Let c be 112/42 - (-1)/3 - -32. What are the prime factors of (-2)/(10/c) - -850?
3, 281
Let x = -40 - -45. Suppose -s = x*i - i - 104, 0 = -2*i - 5*s + 70. Suppose 45 = 5*r + i. What are the prime factors of r?
2
Let r = 1630 - 2865. List the prime factors of (2/(10/r))/1*-4.
2, 13, 19
Let y be 18*7/21 + 19. Suppose -5*l - 3*a = -2488 - 2037, 5*a = -y. What are the prime factors of l?
2, 227
Let m = 32 + -27. Let y(x) = 2*x - 5 + 14 + 1 + 7. What are the prime factors of y(m)?
3
Let m(f) = -f**2 - 7*f - 11. Let h be 2/3 + (-170)/30. Let z be m(h). What are the prime factors of 942/8 + z/(-4)?
2, 59
Let w = -766 + 1460. Suppose -t + 20 = -203. Suppose t = -3*m + w. List the prime factors of m.
157
Let a(b) = -b**3 - 7*b**2 - 2*b - 8. Let k = 1 + -8. Let d be a(k). Suppose 0 = -t + d*t - 85. List the prime factors of t.
17
Suppose -y = 2*w - 4881, -7320 = -3*w - y - y. Suppose -w + 6508 = 19*n. What are the prime factors of n?
2, 107
Let m(z) be the first derivative of -z**4/4 - 8*z**3/3 - z**2/2 - 31*z + 70. What are the prime factors of m(-11)?
7
Let t = -11 + 32. Suppose -3*m = 5*w + t, 4*m + 7 = -m + w. List the prime factors of ((-1)/m)/(-1*1/(-198)).
3, 11
Suppose 5*v = 4517 + 3283. Suppose 445 = -b + v. Suppose 5*p = -305 + b. List the prime factors of p.
2, 3
Suppose -2*r = -6 - 6. Suppose -540 = -122*i + 110*i. Let h = r + i. What are the prime factors of h?
3, 17
What are the prime factors of (9 - ((-108)/10 + 3))*1920?
2, 3, 7
Suppose -59*h = -58*h + 4*q - 19849, -10*h = 4*q - 198382. List the prime factors of h.
83, 239
Suppose -2*u = n + 15 - 2, -21 = 2*n + 3*u. Let s be (66/n)/((-2)/24). Let z = s - 177. What are the prime factors of z?
3, 29
Suppose 0 = g - 5*i - 3531, 6394 = 5*g + 2*i - 11045. List the prime factors of g.
3491
Let r be -3 + 4*1/4. Let k be (r - (-24)/9)/(4/4218). Suppose 5*i - k = 77. List the prime factors of i.
2, 3, 13
Suppose -131049 = -2*h - 5*h + 5*r, -37428 = -2*h - r. List the prime factors of h.
3, 17, 367
Let d = 30608 + -12695. What are the prime factors of d?
3, 7, 853
Let m be -4 - (2478/(-34) + (-32)/272). Suppose -66*p + m*p = 1359. What are the prime factors of p?
3, 151
Let n = -83427 - -144190. List the prime factors of n.
60763
Let i be -1 + 4 + 0 + -3. Suppose i = 10*y - 39 - 21. Let r(n) = n**3 - 6*n**2 + 6*n + 6. List the prime factors of r(y).
2, 3, 7
Let x be (-146)/(-2) - 4/2. Let p = 194 - 231. Let k = x + p. List the prime factors of k.
2, 17
Let c(d) = d**2 + 2*d - 2. Let s(f) = -2*f**2 - 3*f + 2. Let w be s(-2). Let r be c(w). What are the prime factors of 68/20 + r/5?
3
Let w(f) = 5748*f + 1691. Lis